er when 74 is divided by 15.
14
Calculate the remainder when 80 is divided by 47.
33
What is the remainder when 389 is divided by 16?
5
What is the remainder when 567 is divided by 114?
111
What is the remainder when 721 is divided by 55?
6
What is the remainder when 398 is divided by 83?
66
Calculate the remainder when 132 is divided by 19.
18
Calculate the remainder when 394 is divided by 103.
85
Calculate the remainder when 27073 is divided by 25.
23
Calculate the remainder when 43 is divided by 41.
2
Calculate the remainder when 6333 is divided by 18.
15
Calculate the remainder when 6173 is divided by 3.
2
Calculate the remainder when 5953 is divided by 661.
4
Calculate the remainder when 3901 is divided by 1295.
16
What is the remainder when 226 is divided by 70?
16
What is the remainder when 246 is divided by 8?
6
Calculate the remainder when 185 is divided by 118.
67
What is the remainder when 439 is divided by 74?
69
What is the remainder when 1007 is divided by 112?
111
Calculate the remainder when 414 is divided by 28.
22
What is the remainder when 41 is divided by 14?
13
What is the remainder when 153 is divided by 44?
21
Calculate the remainder when 496 is divided by 302.
194
What is the remainder when 809 is divided by 51?
44
Calculate the remainder when 1308 is divided by 19.
16
What is the remainder when 6861 is divided by 48?
45
What is the remainder when 182 is divided by 61?
60
What is the remainder when 106 is divided by 16?
10
Calculate the remainder when 247 is divided by 63.
58
What is the remainder when 118 is divided by 57?
4
What is the remainder when 310 is divided by 89?
43
Calculate the remainder when 127 is divided by 62.
3
Calculate the remainder when 140 is divided by 11.
8
Calculate the remainder when 448 is divided by 50.
48
What is the remainder when 1702 is divided by 79?
43
Calculate the remainder when 3268 is divided by 408.
4
What is the remainder when 151 is divided by 50?
1
Calculate the remainder when 120 is divided by 6.
0
What is the remainder when 8219 is divided by 6?
5
What is the remainder when 508 is divided by 100?
8
What is the remainder when 113 is divided by 31?
20
What is the remainder when 6027 is divided by 6?
3
What is the remainder when 2316 is divided by 61?
59
Calculate the remainder when 953 is divided by 15.
8
What is the remainder when 92 is divided by 40?
12
What is the remainder when 2940 is divided by 59?
49
Calculate the remainder when 1036 is divided by 103.
6
Calculate the remainder when 77 is divided by 21.
14
Calculate the remainder when 270 is divided by 52.
10
What is the remainder when 52 is divided by 41?
11
Calculate the remainder when 239 is divided by 95.
49
Calculate the remainder when 121 is divided by 32.
25
Calculate the remainder when 503 is divided by 13.
9
What is the remainder when 317 is divided by 53?
52
What is the remainder when 218 is divided by 58?
44
Calculate the remainder when 5423 is divided by 6.
5
Calculate the remainder when 648 is divided by 109.
103
What is the remainder when 4846 is divided by 13?
10
Calculate the remainder when 244 is divided by 77.
13
Calculate the remainder when 38 is divided by 18.
2
Calculate the remainder when 2201 is divided by 55.
1
What is the remainder when 2475 is divided by 355?
345
Calculate the remainder when 133 is divided by 51.
31
Calculate the remainder when 29 is divided by 6.
5
What is the remainder when 2260 is divided by 28?
20
Calculate the remainder when 6313 is divided by 154.
153
Calculate the remainder when 137 is divided by 24.
17
What is the remainder when 760 is divided by 37?
20
What is the remainder when 3199 is divided by 178?
173
What is the remainder when 28840 is divided by 46?
44
What is the remainder when 15641 is divided by 33?
32
Calculate the remainder when 23134 is divided by 5.
4
Calculate the remainder when 301 is divided by 44.
37
Calculate the remainder when 163 is divided by 36.
19
What is the remainder when 1115 is divided by 62?
61
What is the remainder when 157 is divided by 41?
34
Calculate the remainder when 16 is divided by 7.
2
What is the remainder when 57 is divided by 48?
9
Calculate the remainder when 52 is divided by 7.
3
What is the remainder when 214 is divided by 81?
52
What is the remainder when 1357 is divided by 97?
96
What is the remainder when 440 is divided by 205?
30
What is the remainder when 3232 is divided by 361?
344
What is the remainder when 955 is divided by 314?
13
Calculate the remainder when 322 is divided by 31.
12
What is the remainder when 1427 is divided by 13?
10
Calculate the remainder when 90 is divided by 58.
32
What is the remainder when 68 is divided by 57?
11
What is the remainder when 167 is divided by 18?
5
Calculate the remainder when 3013 is divided by 15.
13
Calculate the remainder when 132 is divided by 62.
8
Calculate the remainder when 95 is divided by 33.
29
What is the remainder when 57 is divided by 24?
9
Calculate the remainder when 14069 is divided by 134.
133
Calculate the remainder when 4181 is divided by 34.
33
Calculate the remainder when 836 is divided by 34.
20
What is the remainder when 6782 is divided by 32?
30
Calculate the remainder when 147 is divided by 19.
14
Calculate the remainder when 2967 is divided by 229.
219
Calculate the remainder when 213 is divided by 90.
33
What is the remainder when 466 is divided by 18?
16
Calculate the remainder when 1109 is divided by 158.
3
Calculate the remainder when 1419 is divided by 37.
13
What is the remainder when 1364 is divided by 453?
5
Calculate the remainder when 209 is divided by 8.
1
What is the remainder when 779 is divided by 128?
11
What is the remainder when 3282 is divided by 55?
37
Calculate the remainder when 483 is divided by 22.
21
What is the remainder when 72 is divided by 39?
33
What is the remainder when 316 is divided by 107?
102
What is the remainder when 532 is divided by 52?
12
What is the remainder when 857 is divided by 20?
17
What is the remainder when 3086 is divided by 16?
14
What is the remainder when 1724 is divided by 32?
28
What is the remainder when 28 is divided by 5?
3
Calculate the remainder when 23 is divided by 4.
3
What is the remainder when 2661 is divided by 222?
219
What is the remainder when 30 is divided by 8?
6
What is the remainder when 334 is divided by 92?
58
Calculate the remainder when 260 is divided by 69.
53
What is the remainder when 845 is divided by 113?
54
Calculate the remainder when 239 is divided by 10.
9
Calculate the remainder when 272 is divided by 75.
47
Calculate the remainder when 1973 is divided by 83.
64
Calculate the remainder when 27334 is divided by 34.
32
What is the remainder when 103 is divided by 8?
7
What is the remainder when 196 is divided by 106?
90
What is the remainder when 459 is divided by 93?
87
What is the remainder when 4167 is divided by 167?
159
What is the remainder when 180 is divided by 130?
50
What is the remainder when 1189 is divided by 84?
13
What is the remainder when 778 is divided by 26?
24
Calculate the remainder when 4178 is divided by 11.
9
Calculate the remainder when 1691 is divided by 559.
14
What is the remainder when 3773 is divided by 51?
50
Calculate the remainder when 8078 is divided by 137.
132
Calculate the remainder when 82 is divided by 29.
24
What is the remainder when 18 is divided by 11?
7
Calculate the remainder when 498 is divided by 17.
5
Calculate the remainder when 95851 is divided by 11.
8
What is the remainder when 391 is divided by 82?
63
Calculate the remainder when 643 is divided by 14.
13
What is the remainder when 169 is divided by 43?
40
Calculate the remainder when 797 is divided by 281.
235
Calculate the remainder when 98 is divided by 88.
10
What is the remainder when 1272 is divided by 39?
24
Calculate the remainder when 22983 is divided by 104.
103
Calculate the remainder when 1862 is divided by 1861.
1
Calculate the remainder when 96 is divided by 30.
6
What is the remainder when 197 is divided by 10?
7
What is the remainder when 28 is divided by 8?
4
Calculate the remainder when 207 is divided by 19.
17
What is the remainder when 100 is divided by 41?
18
Calculate the remainder when 503 is divided by 46.
43
Calculate the remainder when 